ivided by 302754.
6
What is the remainder when 1141117 is divided by 413?
411
What is the remainder when 2767510 is divided by 3237?
3112
What is the remainder when 41520 is divided by 20698?
124
Calculate the remainder when 85541035 is divided by 2861.
2857
Calculate the remainder when 894756 is divided by 778.
56
Calculate the remainder when 6121348 is divided by 8.
4
What is the remainder when 992551580 is divided by 9?
8
Calculate the remainder when 71736 is divided by 10329.
9762
Calculate the remainder when 13346 is divided by 443.
56
Calculate the remainder when 1589484 is divided by 2423.
2419
Calculate the remainder when 7615282 is divided by 833.
829
What is the remainder when 153008 is divided by 76418?
172
What is the remainder when 45001 is divided by 906?
607
What is the remainder when 418009 is divided by 1554?
1537
Calculate the remainder when 4466515 is divided by 138.
7
Calculate the remainder when 128057137 is divided by 64028559.
19
Calculate the remainder when 2056972 is divided by 41.
2
Calculate the remainder when 8068014 is divided by 5444.
6
What is the remainder when 145958 is divided by 14571?
248
Calculate the remainder when 20694 is divided by 755.
309
Calculate the remainder when 74403 is divided by 24774.
81
Calculate the remainder when 13279174 is divided by 136.
134
What is the remainder when 1072479 is divided by 268075?
179
What is the remainder when 1312754 is divided by 656316?
122
What is the remainder when 698793 is divided by 1465?
1453
What is the remainder when 87274857 is divided by 4593413?
10
Calculate the remainder when 297275 is divided by 1983.
1808
What is the remainder when 247501 is divided by 22496?
45
Calculate the remainder when 21777 is divided by 10323.
1131
Calculate the remainder when 40153932 is divided by 508277.
49
Calculate the remainder when 1112317 is divided by 50559.
19
What is the remainder when 2778395 is divided by 25258?
15
What is the remainder when 6293092 is divided by 2205?
22
Calculate the remainder when 372756 is divided by 89.
24
What is the remainder when 43382 is divided by 160?
22
What is the remainder when 16807726 is divided by 8403795?
136
What is the remainder when 1419193 is divided by 705?
28
Calculate the remainder when 113608798 is divided by 1116.
1114
What is the remainder when 1104725 is divided by 11624?
445
Calculate the remainder when 21983153 is divided by 13.
10
What is the remainder when 22178 is divided by 426?
26
What is the remainder when 3999703 is divided by 293?
253
Calculate the remainder when 10785098 is divided by 9010.
128
Calculate the remainder when 12209194 is divided by 524.
518
What is the remainder when 1037541 is divided by 1541?
448
What is the remainder when 160772 is divided by 80033?
706
What is the remainder when 1477483 is divided by 492486?
25
What is the remainder when 706470 is divided by 353216?
38
Calculate the remainder when 418862 is divided by 1738.
4
Calculate the remainder when 2570336 is divided by 4146.
3962
What is the remainder when 147174 is divided by 27?
24
What is the remainder when 109343 is divided by 109339?
4
What is the remainder when 19951807 is divided by 911?
907
What is the remainder when 242666 is divided by 443?
345
What is the remainder when 217977278 is divided by 18?
14
Calculate the remainder when 128560 is divided by 2511.
499
What is the remainder when 25751789 is divided by 6?
5
What is the remainder when 6090 is divided by 2027?
9
Calculate the remainder when 1237844 is divided by 309306.
620
Calculate the remainder when 70252477 is divided by 3721.
3718
Calculate the remainder when 26650055 is divided by 921.
920
Calculate the remainder when 744757 is divided by 202.
185
What is the remainder when 137865448 is divided by 138?
136
What is the remainder when 70457 is divided by 1703?
634
Calculate the remainder when 8795312 is divided by 23.
20
What is the remainder when 1351328 is divided by 656?
624
Calculate the remainder when 80563 is divided by 5368.
43
What is the remainder when 273747 is divided by 365?
362
Calculate the remainder when 301908326 is divided by 100636101.
23
What is the remainder when 3516546 is divided by 2021?
6
What is the remainder when 439415 is divided by 20409?
10826
Calculate the remainder when 1120907 is divided by 121.
84
What is the remainder when 908576 is divided by 393?
353
Calculate the remainder when 449463 is divided by 1962.
165
What is the remainder when 33441 is divided by 10197?
2850
Calculate the remainder when 5507808 is divided by 1077.
30
What is the remainder when 25139614 is divided by 12569802?
10
Calculate the remainder when 2724612 is divided by 28.
16
What is the remainder when 19705937 is divided by 675?
662
Calculate the remainder when 19889595 is divided by 6935.
15
What is the remainder when 1803903 is divided by 103?
64
What is the remainder when 11501033 is divided by 749?
138
What is the remainder when 65699 is divided by 15?
14
Calculate the remainder when 3990238 is divided by 2750.
2738
What is the remainder when 188012 is divided by 3778?
2890
Calculate the remainder when 352540237 is divided by 208.
205
Calculate the remainder when 26050 is divided by 3611.
773
Calculate the remainder when 130924 is divided by 128.
108
What is the remainder when 247992 is divided by 620?
612
Calculate the remainder when 920193 is divided by 13316.
1389
What is the remainder when 14691 is divided by 4600?
891
What is the remainder when 1430413 is divided by 4414?
277
What is the remainder when 11265941 is divided by 284?
229
What is the remainder when 3804870 is divided by 66752?
6
Calculate the remainder when 22077561 is divided by 435.
6
What is the remainder when 4604960 is divided by 59804?
52
Calculate the remainder when 484476 is divided by 33.
3
What is the remainder when 4172039 is divided by 417200?
39
What is the remainder when 955474 is divided by 190997?
489
Calculate the remainder when 926516 is divided by 424.
76
Calculate the remainder when 244144 is divided by 1846.
472
Calculate the remainder when 143926 is divided by 2557.
734
What is the remainder when 3415872 is divided by 21756?
180
What is the remainder when 3638443 is divided by 8345?
23
What is the remainder when 3087992 is divided by 32?
24
What is the remainder when 21588481 is divided by 175?
131
What is the remainder when 148591 is divided by 147?
121
Calculate the remainder when 6145798 is divided by 277.
276
Calculate the remainder when 3533460 is divided by 2018.
1960
What is the remainder when 3669135 is divided by 409?
405
Calculate the remainder when 1258489 is divided by 245.
169
Calculate the remainder when 64441901 is divided by 1534330.
41
What is the remainder when 66645 is divided by 21198?
3051
Calculate the remainder when 26076511 is divided by 304.
303
Calculate the remainder when 15962586 is divided by 2672.
58
Calculate the remainder when 410726 is divided by 4377.
3665
Calculate the remainder when 10092773 is divided by 343.
341
Calculate the remainder when 1352687 is divided by 379.
36
What is the remainder when 5647319 is divided by 1882416?
71
What is the remainder when 7683058 is divided by 924?
922
What is the remainder when 519946 is divided by 173290?
76
Calculate the remainder when 188171 is divided by 8036.
3343
Calculate the remainder when 66519 is divided by 2072.
215
Calculate the remainder when 963879 is divided by 240956.
55
What is the remainder when 35025623 is divided by 125?
123
Calculate the remainder when 117390 is divided by 4822.
1662
What is the remainder when 6167093 is divided by 152?
149
What is the remainder when 481736997 is divided by 1999?
1985
Calculate the remainder when 101505 is divided by 101460.
45
Calculate the remainder when 1063696 is divided by 33240.
16
What is the remainder when 49428083 is divided by 3089255?
3
What is the remainder when 23796 is divided by 890?
656
What is the remainder when 143528 is divided by 603?
14
What is the remainder when 1037901142 is divided by 28?
26
Calculate the remainder when 253350 is divided by 11505.
240
What is the remainder when 45732403 is divided by 19594?
7
Calculate the remainder when 68132 is divided by 454.
32
What is the remainder when 1903201 is divided by 5